*j - 5 = -i. Let h = -1 + -1. List the prime factors of 33/4 + h/i.
2
Suppose 2*s = 13 + 51. Suppose 5*x + s = 7. Let c(p) = p**2 + 3*p + 7. What are the prime factors of c(x)?
17
Let z(f) = -2*f**2 + 2*f + 1. Let g be z(-1). Let p(l) = l**3 + 6*l**2 - 5*l - 3. Let m be p(g). Let o = m - 24. List the prime factors of o.
3, 5
Let g be 2/(-5) + (-252)/(-30). Suppose 2*n = t + 2, 4*n - 6*n - 2*t + g = 0. What are the prime factors of n?
2
Suppose -2*f - 2*f = -3*z + 72, -3*f + 3*z - 54 = 0. Let g = f - -29. List the prime factors of g.
11
Let i be (3 - 17)/((-3)/33). Suppose -u = -0*u + 4*p - 44, -4*u - 5*p = -i. What are the prime factors of u?
2, 3
Suppose 5*z - c + 17 = 2*z, -3*c = 2*z + 15. What are the prime factors of (-100)/(-3) - z/9?
2, 17
Let b(u) = -u - 1. Let g be b(-4). Let l be (-3)/3*(0 - g). Suppose -12 = m - l*m + 3*s, 4*s + 11 = m. List the prime factors of m.
3
Let j(i) = i**3 - 3*i + 3. List the prime factors of j(4).
5, 11
Let z be (-2 - 0) + 0 - -10. Suppose u = -3*u + z. Suppose u*b - 18 = -b. List the prime factors of b.
2, 3
What are the prime factors of -1 + (-2 - -1) + 220/2?
2, 3
Suppose 4*x = x - 54. Let l = x - -30. What are the prime factors of l?
2, 3
Let t(s) = -s**3 + 2*s**2 + s - 5 + 3*s**2 - 2*s. What are the prime factors of t(4)?
7
Suppose 5*b = -2*t + 115, -3*t + b = t - 197. What are the prime factors of t?
2, 5
Let b be (1 + -2)*(-5 - -2). Suppose 0 = b*s + 27 - 93. What are the prime factors of s?
2, 11
Let y be 35/11 + (-20)/110. Suppose 36 + 0 = y*c. List the prime factors of c.
2, 3
Suppose 2*n + 0 = l + 1, 0 = 2*n - 4*l + 14. Let s(x) = 2*x**2 + 4*x - 2. Let o be s(-5). Suppose 0 = q - n*q + o. List the prime factors of q.
2, 7
What are the prime factors of (-14 - 4)*(-6)/4?
3
Let z(y) = -4*y**3 + 11*y**3 - y + 1 + 0*y + y**3. What are the prime factors of z(1)?
2
Suppose 0*f + 141 = 2*f + 5*w, 3 = 3*w. List the prime factors of f.
2, 17
Let x be 0*1/6*3. Suppose 0 = -4*c - 8, l - 21 = 4*c - 2. Suppose 0 = z - x*z - l. What are the prime factors of z?
11
Let b(g) = -g**3 - 15*g**2 - g - 8. What are the prime factors of b(-15)?
7
Suppose 7*l + 61 - 719 = 0. List the prime factors of l.
2, 47
What are the prime factors of (-8)/(-6)*(4 + -1)?
2
Suppose 0 = 3*g + 2*g + 4*n - 135, -g + 28 = n. Let l = 25 + g. List the prime factors of l.
2, 3
Let f = 3 + 0. Suppose 32 = -s + f*s. List the prime factors of s.
2
Suppose 0 = 2*j + 79 - 23. What are the prime factors of 165/7 + (-12)/j?
2, 3
Let f be (2 - 0 - 0)/(-1). Let q = f + 2. Suppose q = -2*y - 2*r - 3 - 1, 3*y + r - 2 = 0. List the prime factors of y.
2
Suppose -8*u + 3*u + 545 = 0. List the prime factors of u.
109
Suppose -y = 4*g + 125, 5 = g - 5*y + 10. Let d be 62/(-10) - 6/g. List the prime factors of d/(-9)*63/6.
7
Let f = 35 + -50. Let n be 2*-1 - (-2 - f). List the prime factors of n/9*(-1 + -2).
5
Let l(y) be the second derivative of -y**5/20 - 7*y**4/12 - 4*y**3/3 - y**2/2 - 10*y. What are the prime factors of l(-6)?
11
Let w = 34 + -20. List the prime factors of w.
2, 7
Suppose 3*w = -4*q + 20, 6 = -2*q - 5*w + 2. List the prime factors of q.
2
Let m be (-82)/(-8) + 15/20. Suppose 3*y - 46 = m. List the prime factors of y.
19
Let s = -18 + 39. Suppose 4*q = q + s. List the prime factors of q.
7
Suppose 3*k = 5 + 1. Suppose 0 = -k*s + x + 5, 0 = 2*x - 2. What are the prime factors of s?
3
Let u = 11 + -7. Let c = 4 - u. Suppose 0 = -2*o + 4*h + 48, -h + c*h - 102 = -5*o. List the prime factors of o.
2, 5
Let x = 13 - 8. Suppose -4*u + 3*m = -25, -2*m + 23 = -2*u + x*u. List the prime factors of u.
7
Let l = 12 - 8. Let z = l - 4. Suppose z = 2*f - 5*x - 39, 15 = -2*f + 7*f + 4*x. List the prime factors of f.
7
Let v(g) = -23*g - 13. List the prime factors of v(-9).
2, 97
Let a = 22 + -19. Suppose x + 3*b = -3, -x + 2*b + 15 = -b. Suppose -x*d + 48 = -a*d. What are the prime factors of d?
2
List the prime factors of -12*18*(-4)/16.
2, 3
List the prime factors of 2 + -5 - (6 + -89) - 1.
79
Suppose -3*i = 0, -12 = -4*b - 3*i + 8. Suppose 0*t + b*x = t - 2, -x = 0. List the prime factors of t.
2
Suppose 4*i - 2*i - 40 = 0. Suppose -6 = -2*m + i. What are the prime factors of m?
13
Suppose 12*x = 5*x + 882. What are the prime factors of x?
2, 3, 7
Let z(x) = -x**2 + 6*x + 9. Let t be z(7). Suppose 2*f + t*r - 8 = -2, 3*r = f + 9. Let h = 3 + f. List the prime factors of h.
3
Suppose -2*l + 0*l = 0. Suppose l = 2*i + 3*i - 10. Suppose 0 = -i*b - 0 + 22. What are the prime factors of b?
11
Let o = -6 + 10. Suppose 0 = -o*b - b - 50. List the prime factors of 8/(-20) + (-54)/b.
5
List the prime factors of (-378)/(-7) - (-1)/(-1).
53
Let u(n) = n + 2. Let s be u(-1). List the prime factors of -16*1*(s + -2).
2
Suppose -5*k - 20 = 0, 3*r + k = -r + 108. List the prime factors of r.
2, 7
Suppose 0 = -2*d + 4*d - 46. Suppose 5*l - 5*w = 45, 4*l = w + d + 25. What are the prime factors of l?
13
Let d = 67 - -145. Suppose 241 = 5*f - 2*y, -4*f - 5*y - 6 + d = 0. List the prime factors of f.
7
Let j be 2 - (2 + -1)/1. What are the prime factors of 8 - 1 - -1*j?
2
Suppose -975 = -24*j + 11*j. List the prime factors of j.
3, 5
Suppose 0 = a + u + 4, -3*a + 3*u = 2*u + 28. Let t be (4/(-6))/(a/180). Let w = 30 - t. What are the prime factors of w?
3, 5
Let g be (-2)/6 + 1/3. Suppose -32 = -g*z - 4*z. Let o = 0 + z. List the prime factors of o.
2
Let n(z) = 7*z + 2. Let t be n(10). Suppose 0 = -5*f + f + t. List the prime factors of f.
2, 3
Suppose -o = 3*o - 124. Suppose 2*i + 11 = 3*i + 2*r, o = 2*i + r. Let m = i + -11. What are the prime factors of m?
2, 3
Suppose 4*s = -4*n + 48, 4*n - 7*s = -3*s + 8. Let b = n + -5. What are the prime factors of b?
2
Suppose 2*x + 3*x = 0. Let i(a) = -4*a**2 + 1. Let s be i(1). Let v = x - s. What are the prime factors of v?
3
Suppose 2*f - 8 = z, 4*f - 17 = 3*z - 3. Let k = f + -2. List the prime factors of 2/3 + 7/k.
3
Let z(p) be the first derivative of 3*p**2/2 - 12*p + 1. What are the prime factors of z(8)?
2, 3
Let c = 12 - -5. What are the prime factors of c?
17
Let t = -138 - -207. What are the prime factors of t?
3, 23
List the prime factors of 1 - (-1)/(4/120).
31
Let r be -1 - (-5 + (2 - 0)). Let p(y) = 0*y + 3*y**2 - 6 + 7*y - 4*y**r. List the prime factors of p(5).
2
Suppose 0*i + 2*f = i + 16, -5*i - 89 = -f. List the prime factors of (-4)/(-24) + (-105)/i.
2, 3
Suppose 0 = 5*o - 5*y - 5, 4*o + 5*y - 14 = -1. Suppose 4*z - 2*m - 72 = 0, o*z - m - 53 = -z. What are the prime factors of z?
17
Suppose -2*m = 4*c - 56, -m = -2*m + 2*c + 8. What are the prime factors of (-2)/9 + 256/m?
2, 7
What are the prime factors of (4 - 3)/(1/23)?
23
Let w = -10 + 7. Let i be w*(-3 + 2) + -2. Let y(x) = 3*x**3 - x + 1. List the prime factors of y(i).
3
Let a(c) = -13*c**3. What are the prime factors of a(-1)?
13
Let n(t) = -t**3 + 6*t**2 + 11*t - 9. Let c be 9 + (-1 - (-3)/(-3)). Let z be n(c). Let j = z - 11. List the prime factors of j.
2
Let s(v) = v**2 - 2*v - 4. Let t be s(-2). Let q(j) = -4 - j**2 - j**2 - 4*j + 0*j**2 + j**3. List the prime factors of q(t).
2, 3
Let t(u) = 8*u**2 - 4*u + 33. List the prime factors of t(-5).
11, 23
Suppose 0 = -4*y - 5 + 1. Let i(g) = -28*g**3 + 2*g**2 + 2*g + 1. What are the prime factors of i(y)?
29
List the prime factors of ((-2)/(-3))/(34/1479).
29
Suppose 4*u + 12 = -2*s, s + 2*u - u + 4 = 0. Let f be -1 + -2*(-4 - s). Suppose 0 = -i + 2*n - n + 7, f*n = 4*i - 30. What are the prime factors of i?
3
Let a = 18 - -46. List the prime factors of a.
2
Let n(b) be the third derivative of b**5/15 - b**3/6 + 2*b**2. Let m be n(-1). Suppose -d - 5*f = -10*f - 17, -3*d = f - m. List the prime factors of d.
2
Let a(x) = -x**2 + 6*x - 1. Let u be a(4). Let g be (1 - 4/2) + u. Suppose z - 8 - g = 0. What are the prime factors of z?
2, 7
List the prime factors of (-500)/4*(-4)/10.
2, 5
Let x(f) = -f**3 - 12*f**2 - 15*f - 14. Let l be x(-11). Let d = l + -17. What are the prime factors of d?
13
Let b = -5 + 104. List the prime factors of b.
3, 11
Let j = 121 - 72. List the prime factors of j.
7
Let r(i) = -5*i**3 + i**2 - i - 1. What are the prime factors of r(-1)?
2, 3
List the prime factors of 1/(2/2) - -17.
2, 3
Let n be 1 - 1*(-3 + -12). Let g = n + -8. What are the prime factors of g?
